12
Let i be (2 + -4)/(-2) + -1. Suppose i = -h - h + 46. What is the remainder when (-5 - -2) + h - 1 is divided by 10?
9
Let u = -3 + 3. Let o be 18 - (-2 - u/(-2)). Suppose 0*b = -5*b + o. What is the remainder when 6 is divided by b?
2
Let s = -5 - -3. Suppose 4 = 4*h + 3*y + y, 3 = h - y. What is the remainder when (h - 3)/(s/4) is divided by 2?
0
Suppose 2*l = -2*l. Suppose 3*q - q - 54 = l. Calculate the remainder when q is divided by 14.
13
Let u = 189 + -79. Suppose -92 = -4*v + 3*s, -4*s + 9*s + u = 5*v. Let m = -5 + 14. Calculate the remainder when v is divided by m.
8
Let h be ((-8)/6)/(3/(-9)). Let t(i) = -i + 2 - h*i**3 + 5*i**3 + i**2 + 0*i**3. What is the remainder when t(2) is divided by 7?
5
Let o be 1 + -2 + (1 - 1). Let q = o - -2. What is the remainder when 1 is divided by q?
0
Let z(n) = n**2 - 6*n - 2. Let q be z(5). Calculate the remainder when (-1 - (-10)/14)*q is divided by 2.
0
Suppose j - 4*q - 23 - 23 = 0, -2*j = -5*q - 98. What is the remainder when 31 is divided by j/5 + (-6)/(-30)?
9
Suppose -k = -12*k + 440. Calculate the remainder when k is divided by 15.
10
Let k(p) = 2*p**2 + 5. Let j be k(-6). Suppose z - j = -3*z - 5*i, -4*z = -4*i - 32. Calculate the remainder when 24 is divided by z.
11
Let s(t) = -t**3 - 2*t**2 - 2*t - 2. Calculate the remainder when 24 is divided by s(-3).
11
Let d = 18 + -11. Suppose 0 = -2*s + d*s - 105. Suppose j - 5 - 8 = -p, p - s = 3*j. Calculate the remainder when 28 is divided by p.
13
Let k(u) be the second derivative of -u**5/20 - 7*u**4/12 + u**3 - 9*u**2/2 - u. Calculate the remainder when 19 is divided by k(-8).
5
Suppose 0 = -5*w - 2*c + 60, c = -3*w + 2*w + 15. Suppose 2*v + 36 = 4*v. Calculate the remainder when v is divided by w.
8
Suppose -3*u + 2*i + 113 = 0, 5*u + 29 = 5*i + 214. Suppose n + 0*n - u = 0. What is the remainder when n is divided by 20?
19
Suppose -365 - 130 = -5*m. Let v be (-192)/9*(0 - -3). Let p = m + v. What is the remainder when p is divided by 12?
11
Let w(y) = y + 1. Calculate the remainder when 31 is divided by w(7).
7
Suppose -5*r + 9 + 26 = 0. Let n(h) = h - 10. Let o be n(r). What is the remainder when (-1)/o - (-119)/3 is divided by 14?
12
Let t = -7 + 9. Let u = 4 - 3. What is the remainder when t is divided by u?
0
Let f(k) = k**2 + k + 49. Suppose -2*r = -6*r + 3*d + 35, -4*d - 4 = 0. Let i = r + 9. What is the remainder when f(0) is divided by i?
15
Let l(x) = x**2 + x - 14. Let n be l(0). Let b = n + 23. Suppose a - 10 = 2*d, 4*a - 22 = 4*d + 30. What is the remainder when a is divided by b?
7
Let o = 3 + 0. Suppose -80 = -o*d - 5*c, 4*d - 4*c - 129 = 31. Suppose -d = -2*i + 77. Calculate the remainder when i is divided by 19.
18
Suppose 2*b + 4 = 10, -z + 5*b = -44. Suppose -5*i - 1 = -76. Calculate the remainder when z is divided by i.
14
Let z(r) = r**2 + 2*r - 2. Let s = 230 + -227. What is the remainder when z(-4) is divided by s?
0
Let i = 15 - 8. Suppose i*s - 10*s = -51. Calculate the remainder when s is divided by 5.
2
Let s = 21 - 5. Let r be (3/2)/((-4)/s). Calculate the remainder when 17 is divided by (-4)/(16/6)*r.
8
Suppose -3*p - 5*t + 91 = -3*t, 2*t - 145 = -5*p. What is the remainder when p is divided by 7?
6
Suppose -c = 4*c + 3*k - 25, -4*k + 20 = 4*c. Suppose c*j - 382 = -2*q, -3*j + 218 = 6*q - 2*q. What is the remainder when j is divided by 20?
18
Let y be ((-3)/1 - -3)/(-1). Suppose 4*f + 2*j = -y*j + 52, -56 = -4*f - 4*j. What is the remainder when f is divided by 3?
0
Suppose -5*p + 69 = -3*c, 0*p - 3*p = 4*c - 24. Calculate the remainder when 47 is divided by p.
11
Suppose 0 = 4*m + 4*z - 200, 3*z = 3*m + 2*z - 154. What is the remainder when m is divided by 26?
25
Let d(t) = -2 - 4 + 3*t + 3 - 1. What is the remainder when d(10) is divided by 9?
8
Let i be 5/(-10) - (-2)/(-4). What is the remainder when 71 is divided by 17 + -1*i/1?
17
Suppose -b = -3*c + 103, -6 = -6*b + 3*b. Calculate the remainder when 104 is divided by c.
34
Suppose o - 22 = 3*o - 5*y, y = 0. Let v = 5 + o. What is the remainder when 8/v*(-33)/2 is divided by 12?
10
Suppose 4*i - 3*v = -i - 266, -3*i - v = 154. Suppose -j - 3*j = -k - 15, -5*j + 150 = -5*k. Let a = k - i. What is the remainder when a is divided by 9?
8
Let w = 44 - -11. Calculate the remainder when w is divided by 14.
13
Suppose 2*i = -0*i + 14. What is the remainder when 13 is divided by i?
6
Let n(v) = v + 8. Let y be n(-4). Suppose -y*l = 2*u + 26, 0 = 2*l + l + 5*u + 9. Let c = 11 + l. Calculate the remainder when c is divided by 2.
1
Suppose y + 4 = 7. Suppose -2*b - a = 2*a - 25, 5*a - 38 = -y*b. Let m(q) = 5*q + 4. What is the remainder when b is divided by m(0)?
3
Let g(f) be the first derivative of 2 - 7*f - 3*f**2 + 1/3*f**3. Calculate the remainder when g(8) is divided by 5.
4
Let k = -113 + 173. Let c = -5 + 26. What is the remainder when k is divided by c?
18
Let p(v) be the second derivative of -v**4/12 + v**3 + 5*v**2/2 - 2*v. Let a be p(6). Let x(b) = 2*b - 5. What is the remainder when x(a) is divided by 2?
1
Let o be 2/8 - (-39)/(-12). Let a be (18/(-4))/(o/(-16)). Let q = a + 49. What is the remainder when q is divided by 13?
12
Suppose -s - 3*s = -12. Suppose 3*z = 2*f + 279 - 65, -z - s*f + 64 = 0. Calculate the remainder when z is divided by 18.
16
Let c = 11 + -6. Let a(o) = -o**3 + 2*o + 2. Let f be a(-2). Suppose -f = 4*b - 58. Calculate the remainder when b is divided by c.
3
Suppose 4*y - 2*d = 62, 40 - 99 = -4*y + 5*d. Let w = y - 9. Let r = -3 - -16. Calculate the remainder when r is divided by w.
6
Suppose -5*l = 25, 0 = -5*d - l - 3*l - 10. Let p be 3*1/2*d. Let c(q) = q**3 - q**2 - 3*q + 3. Calculate the remainder when 45 is divided by c(p).
9
Calculate the remainder when 47 is divided by -20*-2*(-12)/(-40).
11
Suppose 4*y - 126 = 6. Calculate the remainder when y is divided by 21.
12
Let h(b) = -b**2 - 6*b + 5. Suppose o + 44 = 5*o. Let g = -5 + o. What is the remainder when h(-5) is divided by g?
4
Suppose -134 = -4*t + 2*c, 2*c - 36 = -t + 3*c. Let u = -10 - -14. Let l = u + 7. What is the remainder when t is divided by l?
9
Let q(j) = j**2 - 3*j - 4. Let l be q(6). Suppose 0*s + h = -2*s + 73, -2*s + 72 = 2*h. Calculate the remainder when s is divided by 178/14 + 4/l.
11
Let w = -137 + 193. Calculate the remainder when 222 is divided by w.
54
Suppose -2*o + 110 = -5*l, 0*o - 3*l + 272 = 4*o. Calculate the remainder when o is divided by 17.
14
Let y = -39 + 56. Calculate the remainder when y is divided by 5.
2
Let x(l) = l - 3. Calculate the remainder when -3 + 7 - (4 - 5) is divided by x(5).
1
Let t(d) = -d**3 - 5*d**2 + 4*d + 3. Suppose -z + v - 11 = 0, -v + 15 = -3*z - 12. Let w be 2/z - 46/8. What is the remainder when t(w) is divided by 8?
7
Suppose 2*n = -15 + 5, -3*n - 31 = -2*t. What is the remainder when 29 is divided by t?
5
Suppose -4*q = -5*w - 13, -2*q = -3*w + 3*q - 13. Let n = w - -7. What is the remainder when 16 is divided by n?
4
Suppose 0*w = 4*w - 8, -3*w = -3*o + 12. Calculate the remainder when 23 is divided by o.
5
Let g = -20 - -27. Calculate the remainder when 12 is divided by g.
5
Suppose 3*f = 2*f + 11. Let s = 169 + -34. Suppose 3*m = -2*m + 5*d + s, -m = -5*d - 11. Calculate the remainder when m is divided by f.
9
Suppose 103 = 5*j - 37. Suppose -3*o = -5*o + j. What is the remainder when 25 is divided by o?
11
Let o = -41 - -42. What is the remainder when 1 is divided by o?
0
Let d = 13 - 7. Suppose -7*u + 112 = 35. What is the remainder when u is divided by d?
5
Let o(d) = 3*d - 2*d - 2*d + 2. Suppose 0 = 22*h - 19*h. Calculate the remainder when 2 is divided by o(h).
0
Let q = -2 + 21. Calculate the remainder when 74 is divided by q.
17
Let x be (-1 - -2)*(7 - 4). Suppose -2*j - 2*j - 2*q + 78 = 0, -x*q - 9 = -j. Calculate the remainder when j is divided by 4.
2
Let o be (-2)/4 + 4/8. Suppose 5*n + 63 = 2*x + 2*x, -2*x - n + 21 = o. What is the remainder when 23 is divided by x?
11
Let i = 40 + -18. Let d = -7 + 5. Calculate the remainder when i is divided by d/(-9) - (-70)/9.
6
Calculate the remainder when 62 is divided by -2 + 5 + -7 + 11.
6
Let x = 134 + -93. What is the remainder when x is divided by 18?
5
Let z = -61 + 110. Suppose -45 = -3*x - 2*q, -3*q - 30 = 2*x - 5*x. What is the remainder wh